sor of 1049460 and 60?
60
Calculate the highest common factor of 280 and 4180080.
40
What is the highest common divisor of 1144 and 17512?
88
Calculate the highest common divisor of 10528 and 112.
112
What is the greatest common factor of 11840 and 431568?
592
What is the greatest common divisor of 280590 and 42?
6
What is the greatest common factor of 1251 and 132467?
139
Calculate the greatest common factor of 68 and 208114.
34
What is the highest common divisor of 25 and 3395?
5
Calculate the greatest common factor of 11526 and 714.
102
What is the greatest common divisor of 3536 and 29614?
442
What is the greatest common divisor of 6750 and 5805?
135
Calculate the highest common divisor of 148266 and 207.
9
Calculate the greatest common factor of 10094 and 1648.
206
What is the highest common factor of 9256 and 62656?
712
What is the greatest common factor of 7935 and 34155?
345
Calculate the highest common divisor of 9522 and 1044.
18
Calculate the highest common factor of 258 and 432.
6
What is the highest common divisor of 1067 and 3880?
97
Calculate the greatest common factor of 2507995 and 262.
131
What is the highest common divisor of 2187 and 189?
27
Calculate the highest common factor of 27006 and 8169.
21
What is the highest common factor of 172 and 9672?
4
What is the highest common factor of 1416661 and 2994?
499
What is the greatest common factor of 3586 and 208966?
326
Calculate the highest common divisor of 1596 and 741.
57
Calculate the highest common divisor of 7561 and 1.
1
What is the greatest common factor of 509278 and 308?
154
What is the highest common divisor of 18 and 362313?
9
What is the highest common factor of 1972 and 1348500?
116
Calculate the highest common divisor of 135 and 60543.
9
Calculate the greatest common factor of 192285 and 1170.
45
Calculate the greatest common factor of 54 and 2880.
18
Calculate the greatest common factor of 35968 and 1405.
281
Calculate the highest common divisor of 1635376 and 3784.
344
Calculate the highest common divisor of 1281 and 1911.
21
What is the highest common factor of 16184 and 23086?
238
What is the greatest common divisor of 135192 and 8256?
1032
What is the highest common factor of 146 and 113807?
73
What is the greatest common divisor of 26691 and 11625?
93
Calculate the highest common factor of 6254 and 1166.
106
Calculate the greatest common factor of 173844 and 396.
396
What is the highest common divisor of 1739 and 37481?
37
Calculate the highest common divisor of 4809 and 525.
21
Calculate the highest common factor of 7186232 and 8.
8
Calculate the highest common factor of 59450 and 1312.
82
Calculate the highest common divisor of 18 and 79494.
6
What is the highest common divisor of 96 and 167328?
96
What is the highest common factor of 4 and 950804?
4
What is the highest common divisor of 14497 and 8911?
133
Calculate the highest common divisor of 106 and 12561.
53
What is the highest common factor of 161 and 67781?
161
Calculate the highest common factor of 7813 and 208.
13
Calculate the greatest common divisor of 19941 and 2397.
51
Calculate the greatest common factor of 15 and 3445.
5
What is the highest common factor of 4360 and 10355?
545
What is the greatest common factor of 6039 and 396?
99
What is the greatest common divisor of 484 and 202554?
242
What is the highest common factor of 236 and 8437?
59
Calculate the greatest common divisor of 4876 and 52.
4
Calculate the highest common factor of 837 and 186682.
31
Calculate the highest common divisor of 361 and 7049.
19
Calculate the highest common divisor of 121338 and 42.
42
Calculate the greatest common factor of 369 and 3567.
123
What is the highest common divisor of 55 and 151415?
55
What is the greatest common divisor of 2704 and 11024?
208
Calculate the highest common divisor of 26179 and 2228.
557
Calculate the highest common factor of 69 and 23276.
23
Calculate the highest common divisor of 4532 and 682.
22
Calculate the greatest common divisor of 1716915 and 255.
255
What is the greatest common factor of 14329 and 36757?
623
Calculate the greatest common factor of 2144849 and 35.
7
What is the highest common divisor of 11 and 216887?
11
What is the highest common divisor of 384 and 132480?
384
What is the greatest common divisor of 15 and 339195?
15
Calculate the highest common divisor of 191088 and 3936.
48
Calculate the greatest common factor of 1748 and 9577292.
1748
What is the greatest common factor of 16690 and 370?
10
What is the highest common divisor of 254998 and 59?
59
Calculate the highest common divisor of 4590 and 45792.
54
What is the greatest common factor of 15 and 76695?
15
What is the greatest common divisor of 20213 and 102?
17
What is the highest common factor of 16507 and 243721?
971
Calculate the greatest common factor of 6985340 and 932.
932
Calculate the highest common divisor of 3885280 and 1120.
1120
Calculate the greatest common factor of 2 and 693.
1
What is the highest common divisor of 338 and 2774642?
338
What is the greatest common factor of 75 and 2195650?
25
Calculate the greatest common factor of 162 and 25434.
162
Calculate the highest common divisor of 962705 and 620.
155
What is the greatest common factor of 84322 and 2128?
266
What is the greatest common divisor of 71475 and 30?
15
What is the highest common factor of 128 and 1334528?
128
Calculate the highest common factor of 191102 and 1034.
94
What is the greatest common factor of 16 and 153416?
8
Calculate the greatest common divisor of 61214 and 6350.
254
What is the greatest common divisor of 4914 and 104?
26
Calculate the highest common divisor of 117450 and 100.
50
What is the highest common divisor of 208848 and 16?
16
Calculate the greatest common divisor of 1353 and 358791.
123
What is the highest common factor of 1129 and 4422293?
1129
What is the highest common factor of 111 and 245754?
111
Calculate the highest common divisor of 4 and 113486.
2
Calculate the highest common factor of 59168 and 3956.
172
Calculate the highest common factor of 43310 and 470.
10
Calculate the greatest common divisor of 7659 and 606763.
851
What is the highest common factor of 11920 and 16624?
16
Calculate the highest common divisor of 7156813 and 197.
197
What is the highest common factor of 32142 and 8448?
66
What is the greatest common factor of 713024 and 65?
13
Calculate the greatest common factor of 3012 and 36.
12
Calculate the greatest common divisor of 525 and 146775.
75
Calculate the greatest common divisor of 658 and 118111.
329
What is the highest common divisor of 160 and 2555?
5
What is the highest common factor of 9432 and 1388600?
1048
What is the greatest common divisor of 295 and 565?
5
Calculate the highest common factor of 3924 and 8284.
436
Calculate the greatest common factor of 19084 and 1456.
52
What is the greatest common factor of 456 and 174876?
228
Calculate the highest common factor of 1188 and 3740.
44
Calculate the highest common divisor of 465956 and 152.
76
Calculate the highest common factor of 9038986 and 274.
274
What is the highest common divisor of 12339 and 1107?
27
What is the highest common divisor of 21855 and 12648?
93
Calculate the highest common divisor of 2343 and 4587.
33
What is the highest common factor of 9516 and 44?
4
What is the highest common factor of 845 and 21632?
169
What is the highest common factor of 161963 and 7003?
149
What is the greatest common divisor of 421762 and 418?
418
What is the greatest common factor of 116727 and 1460?
73
What is the highest common factor of 1120 and 4690?
70
Calculate the highest common divisor of 176 and 276496.
176
Calculate the highest common divisor of 231 and 104115.
33
Calculate the greatest common divisor of 945 and 18405.
45
What is the greatest common factor of 164483 and 779?
19
Calculate the highest common factor of 80830 and 236.
118
Calculate the greatest common factor of 667108 and 52.
52
Calculate the highest common factor of 63230 and 130.
10
What is the greatest common divisor of 581 and 19837?
83
What is the highest common divisor of 4918 and 8?
2
What is the highest common factor of 113001 and 189?
21
Calculate the highest common divisor of 2123 and 990.
11
What is the greatest common divisor 